n divisor of x and 202?
101
Suppose 0 = 7*h - 6 - 8. Suppose -h*a + 13 = -27. What is the highest common divisor of 180 and a?
20
Suppose 0*d = -2*d + 10. Let p = 19 - d. Let c be (1372/(-21))/(6/(-9)). What is the highest common divisor of p and c?
14
Let s = 503 + -497. Calculate the greatest common factor of s and 162.
6
Suppose -2*a = 4*i - 122, 38*a = 42*a + 4. Let b(g) = 2*g**2 - 7*g + 1. Let d be b(6). What is the greatest common factor of d and i?
31
Suppose -r - 135 = -5*y + 79, -5*y + 2*r + 218 = 0. Let d(o) = -9*o**3 - 4*o**2 + 3. Let k be d(-3). Calculate the highest common divisor of k and y.
42
Let m(x) = 8*x**2 - 4 - 16*x + 16*x - 3*x. Let b be m(2). Calculate the highest common factor of b and 2.
2
Let r(p) = -8*p - 2. Suppose 6*j - 3*j = -z + 10, -35 = -2*j + 5*z. Let n be r(j). Let f be (1 - 7)/(7/n). What is the highest common factor of f and 9?
9
Let d(f) = -5*f - 62. Let n be d(-19). What is the greatest common divisor of n and 88?
11
Suppose 21*t - 74 = 31. What is the highest common divisor of 16 and t?
1
Let y = -240 + 240. Let c = 21 + -7. Suppose y = p - c - 4. Calculate the greatest common divisor of p and 9.
9
Let t = 649 - 635. What is the highest common factor of t and 217?
7
Let u = -11 + 23. Let f(n) = 2*n**3 - 2*n**2 + 1. Let b be f(1). Let w(p) = 49*p**2 - 1. Let h be w(b). Calculate the greatest common factor of u and h.
12
Suppose 2*a - 69 = 91. Suppose a = -13*p + 15*p. What is the greatest common divisor of 20 and p?
20
Let t be (-4433)/(-93) - (-14)/6. Let n be 26 + -2 + -2 + 3. What is the highest common factor of n and t?
25
Let i be (4 - 0/2) + 1. Suppose 10 = -2*b, 5*t + 0*b + i*b - 775 = 0. What is the highest common factor of t and 20?
20
Suppose 4*u - 525 = p, 0*u - 5*u - 5*p = -625. Let q = -341 + 367. What is the highest common factor of u and q?
26
Let l = -1312 + 1316. Calculate the greatest common factor of 8 and l.
4
Let h = 182 - -4. Calculate the greatest common divisor of 6 and h.
6
Let d = -12 + 28. Let k = -13 + d. Suppose k*z + 70 = 5*z. Calculate the highest common factor of z and 7.
7
Suppose -30*g + 11*g = -15067. Calculate the highest common factor of 13 and g.
13
Let h(k) = -17*k**3 - 4*k**2 + 3*k + 6. Let p be h(-2). What is the highest common divisor of 40 and p?
40
Suppose -12*o + o = -2079. Calculate the greatest common divisor of o and 21.
21
Let d be 0/(1/(-1)) + (-7 - -12). Let f be -3*(-6)/1*d. Calculate the greatest common divisor of f and 54.
18
Suppose x - 9 = 2*h, -4*h + 10 = -7*h - 2*x. Let m be ((-12)/9)/(h/6) - -2. What is the greatest common divisor of m and 4?
4
Let y = 70 - 70. Suppose -r = -4*b - 17, y = 2*r - 9*b + 4*b - 22. Calculate the greatest common factor of r and 4.
1
Suppose -2*u + 39 - 13 = 0. Let b(v) = v**3 - 14*v**2 + 15*v - 6. Let l be b(u). Suppose -5*f + 11 = -39. What is the greatest common factor of f and l?
10
Let z(w) = -w**3 - 5*w**2 + 15*w + 1. Let y be z(-9). Calculate the greatest common factor of 70 and y.
10
Suppose -m = 3*b - 153, -3*m + 42 = -3*b - 465. Suppose -6*f + 180 = 6*f. Calculate the highest common factor of m and f.
15
Suppose 0 = x + 3*u - 100, -2*x + 3*u = -0*x - 164. What is the highest common divisor of x and 308?
44
Let d = -522 + 925. What is the greatest common factor of d and 31?
31
Let z be ((-114)/(-152))/(6/16) + 119. Calculate the greatest common factor of z and 22.
11
Suppose 343*u - 55 = 342*u. What is the greatest common divisor of 308 and u?
11
Let o(y) = y**2 + 7*y - 9. Let g be o(-10). What is the highest common divisor of 63 and g?
21
Suppose -2*t = 2*x - 20, 2*t + 5*x - 3 = 11. Let k be (2*-1)/((-8)/t). Suppose 0 = 8*b - k*b - 60. What is the greatest common divisor of b and 12?
12
Let y(t) = -3*t**2 - 5*t. Let l(o) = o**2 + 2*o. Let a(v) = 7*l(v) + 2*y(v). Let f be a(-7). What is the greatest common divisor of 189 and f?
21
Suppose -4*k = 5*v - 321, -232*v - 236 = -3*k - 231*v. Calculate the highest common divisor of 3 and k.
1
Let x(z) = z**2 - 5*z - 234. Let b be x(19). What is the greatest common divisor of b and 1424?
16
Let a = -422 - -958. Calculate the highest common factor of a and 67.
67
Suppose 4*f - 44 = 2*x, 0 = -5*f + 7*x - 4*x + 53. What is the highest common factor of f and 13?
13
Let g = -116 + 156. What is the highest common divisor of g and 40?
40
Let z = -109 + 241. Let q(j) be the third derivative of 11*j**5/60 + j**4/12 - j**3/6 - 3*j**2. Let v be q(1). What is the greatest common divisor of z and v?
12
Suppose -4*t - 25 = -3*h, -4*h + 3*t = -33 + 9. What is the greatest common factor of 36 and h?
3
Let z be 24 - 5/(-10)*1*-4. What is the greatest common factor of 121 and z?
11
Let c be (20/14)/(-6 + (-425)/(-70)). Let m be 3 - -2*(-57)/(-2). What is the highest common divisor of m and c?
20
Let y(t) = -5*t - 8. Let x be y(-7). Let b be (-2 - -4) + (0 - 2). Let q be 2 + -2 - (-3 + b). What is the greatest common divisor of x and q?
3
Let u = 22 - 35. Let x(q) = -5*q - 45. Let p be x(u). Calculate the highest common divisor of 5 and p.
5
Let p = 8 + -18. Let k(v) = -v**3 - 9*v**2 - 2*v - 8. Let n be k(p). Calculate the highest common divisor of n and 14.
14
Let t be (-2)/(-3)*(-324)/(-24). What is the highest common divisor of t and 48?
3
Suppose -2*k = -5*t + 2 + 1, 0 = -5*k + 5*t - 15. Let y = 2 - k. Let z be (y/4)/((-3)/(-66)). What is the highest common factor of z and 11?
11
Let w = 1561 + -1522. Calculate the highest common divisor of 3 and w.
3
Let j(n) = -n**3 + n**2 + n + 20. Let l be j(-10). What is the greatest common divisor of 74 and l?
74
Suppose 2*c = 12*o - 10*o + 14, -c + 2*o = -6. Calculate the highest common factor of 184 and c.
8
Suppose 3*n + 74 = t, -90 = -2*t - 5*n + 25. Suppose -t = -3*y + 7. Calculate the highest common divisor of 6 and y.
6
Let j be 4/30 - (-602)/210. Suppose -2*k = -4*k + 8. Suppose u - 51 = -5*d + k*u, 2*u - 18 = -d. Calculate the highest common divisor of j and d.
3
Suppose 4*n + 3*d = 138, 86*d = 3*n + 81*d - 89. Calculate the greatest common divisor of 11 and n.
11
Let z(h) = -h**3 + 2*h**2 + 2*h + 52. Let y be z(0). Calculate the greatest common divisor of y and 13.
13
Let q be (117/18 - -5) + 1/(-2). Calculate the greatest common factor of q and 517.
11
Let t be (9 - -92)*1 + 5 + -1. What is the greatest common divisor of 45 and t?
15
Suppose 0*n + 4*n = 420. What is the highest common divisor of 175 and n?
35
Suppose 6*s - 432 - 78 = 0. Calculate the greatest common divisor of 34 and s.
17
Let j = -333 + 339. Calculate the highest common divisor of j and 678.
6
Let f be (1 - -1) + 4 + 2. Suppose 0*z - 160 = -5*z. Suppose -3*x = -x - z. What is the greatest common divisor of f and x?
8
Let g = -1 + 4. Let r(w) = w**3 + 2*w**2 - 3*w - 4. Let y be r(g). Suppose -o + y = 2*h, -5*h + 15 = -10. What is the highest common factor of 55 and o?
11
Suppose 4*f - 12 = -2*w, 0 = -2*w + 6*w + f - 24. Suppose -w*r = -4*r + 160. Let a be (-105)/(-20)*r/(-6). Calculate the highest common divisor of 10 and a.
10
Suppose 0 = -h - 1, 8*u - 90 = 7*u - h. What is the greatest common divisor of u and 26?
13
Let g be -10*1*(-2)/1. Let f = 22 - g. Suppose 5*r + 50 = h, 5*r - 390 = -5*h + f*r. Calculate the highest common divisor of 30 and h.
15
Suppose 48 = 5*s + 2*w, -3*s + 5*w + 12 = s. Let y be (s/3)/(2/6). Let k = -260 - -276. What is the greatest common divisor of k and y?
8
Suppose -86*j + 75*j = -2068. Calculate the highest common factor of 32 and j.
4
Suppose 52 + 108 = 8*v. Calculate the highest common divisor of v and 8.
4
Let w be 417/(-695) + (-2)/(10/(-3783)). Calculate the highest common factor of 84 and w.
84
Suppose 0 = 32*j - 36*j + 16. Let d = 4 - -8. Calculate the greatest common factor of d and j.
4
Let z(w) = 2*w**2 + 3*w + 16. Let t = -15 - -19. Let b(n) = -n**2 + 3*n - 4. Let s be b(t). Let p be z(s). What is the highest common factor of p and 15?
15
Suppose 0 = 31*r + 53*r - 504. Suppose 2*h - 7*h + 150 = 0. Calculate the greatest common divisor of h and r.
6
Let s = 15 - 22. Let l be (38/(-4))/(s/14). Calculate the greatest common divisor of 38 and l.
19
Let d(c) = 5*c**2 - 4*c - 3. Let q be d(11). What is the highest common divisor of 124 and q?
62
Let t be 1 + (-5)/(-5) + 118. Let b be 6*(1 + 9 + -2). What is the highest common 